{"id":2396,"date":"2022-03-28T08:55:25","date_gmt":"2022-03-28T08:55:25","guid":{"rendered":"http:\/\/www.rebustr.com\/?page_id=2396"},"modified":"2022-06-03T19:04:17","modified_gmt":"2022-06-03T19:04:17","slug":"seniha-kocyigit-acc","status":"publish","type":"page","link":"http:\/\/www.rebustr.com\/?page_id=2396","title":{"rendered":"Seniha Ko\u00e7yi\u011fit, ACC"},"content":{"rendered":"<p>[vc_row][vc_column css=&#8221;.vc_custom_1648457839129{padding-top: 70px !important;padding-right: 70px !important;padding-bottom: 70px !important;padding-left: 70px !important;}&#8221;][vc_column_text]<strong>Seniha Ko\u00e7yi\u011fit, ACC<\/strong><\/p>\n<p><em>Seniha Ko\u00e7yi\u011fit \u00fcst d\u00fczey insan kaynaklar\u0131 y\u00f6neticili\u011fi ve stratejik y\u00f6netim konusundaki deneyimlerini birle\u015ftirerek bireylerin ve kurumlar\u0131n geli\u015fim s\u00fcrecine e\u015flik eder. \u0130nsan Kaynaklar\u0131 dan\u0131\u015fmanl\u0131\u011f\u0131yla beraber, Ko\u00e7luk \u00e7al\u0131\u015fmalar\u0131nda ileti\u015fim, performans ve stratejik y\u00f6netim konular\u0131na odaklan\u0131r.<\/em><\/p>\n<p>1978 Ankara do\u011fumlu olan Ko\u00e7yi\u011fit,\u00a0 2000 y\u0131l\u0131nda ODT\u00dc Psikoloji B\u00f6l\u00fcm\u00fc (Anadal) ve E\u011fitim Birimleri (Yandal)\u00a0 b\u00f6l\u00fcmlerinden mezun olduktan sonra profesyonel kariyerine bankac\u0131l\u0131k sekt\u00f6r\u00fcnde insan kaynaklar\u0131 alan\u0131nda\u00a0 \u2018Management Trainee\u201d olarak ba\u015flam\u0131\u015ft\u0131r. Daha sonra Bilgi Teknolojileri sekt\u00f6r\u00fcn\u00fcn \u00f6nc\u00fc \u015firketlerinden Garanti Teknoloji \u2018de yenilik\u00e7i ve insana yat\u0131r\u0131m\u0131 hedefleyen pek \u00e7ok projede g\u00f6rev alm\u0131\u015ft\u0131r. Devam\u0131nda T\u00fcrkiye\u2019nin en b\u00fcy\u00fck E- Ticaret hacmine sahip ve online seyahat hizmetleri konusunda global pazarda rekabet eden ilk T\u00fcrk \u015firketlerinden olan Metglobal Grup ta hem \u0130nsan Kaynaklar\u0131 hem de Stratejik Planlamadan sorumlu Genel M\u00fcd\u00fcr Yard\u0131mc\u0131s\u0131 olarak \u00e7al\u0131\u015fm\u0131\u015ft\u0131r.<\/p>\n<p>2012 y\u0131l\u0131nda ko\u00e7luk konusunda \u00e7al\u0131\u015fmalar\u0131na ba\u015flam\u0131\u015f olan Ko\u00e7yigit kurumi\u00e7i\u00a0 bireysel ve grup ko\u00e7lu\u011fu \u00e7al\u0131\u015fmalar\u0131na moderat\u00f6rl\u00fck yapm\u0131\u015f hem dan\u0131\u015fan hem de \u015firket i\u00e7i ko\u00e7 olarak g\u00f6rev alm\u0131\u015ft\u0131r.<\/p>\n<p>2012 y\u0131l\u0131nda ICF (Uluslararas\u0131 Ko\u00e7luk Federasyonu) taraf\u0131ndan akredite edilmi\u015f ko\u00e7luk okullar\u0131ndan olan EGCP (EurAsian Gestalt Coaching Program) ko\u00e7luk e\u011fitimini tamamlam\u0131\u015ft\u0131r.<\/p>\n<p>Seniha,\u00a0 bir taraftan \u0130nsan Kaynaklar\u0131 sistem dan\u0131\u015fmanl\u0131\u011f\u0131 konusunda freelance dan\u0131\u015fman olarak \u00f6zellikle BT ve Telekom \u015firketleri ile e-ticaret firmalar\u0131na destek vermekte, bir taraftan da, \u015eema Terapi,\u00a0 \u0130li\u015fki Ko\u00e7lu\u011fu ve Y\u00f6netici Ko\u00e7lulu\u011fu konusunda uluslararas\u0131 ge\u00e7erlili\u011fe sahip sertifika programlar\u0131na devam etmektedir. Hem kendi geli\u015fim yolculu\u011funu s\u00fcrd\u00fcrmekte hem de y\u00f6netim dan\u0131\u015fmanl\u0131\u011f\u0131, y\u00f6netici ko\u00e7lu\u011fu ve bireysel ko\u00e7luk hizmetleri sunmaktad\u0131r. Bireysel Fark\u0131ndal\u0131k, Stratejik Planlama ve Y\u00f6netim (BalancedScoreCard), \u00a0Ko\u00e7luk Yolculu\u011fu ve Y\u00f6netim Becerileri alanlar\u0131nda e\u011fitimler vermektedir.<\/p>\n<p>Y\u00fcksek lisans e\u011fitimini Marmara \u00dcniversitesi \u0130\u015fletme b\u00f6l\u00fcm\u00fcnde Stratejik \u0130nsan Kaynaklar\u0131 Y\u00f6netimi alan\u0131n da tamamlam\u0131\u015ft\u0131r. Halen Istanbul Ayd\u0131n \u00dcniversite si Psikoloji Y\u00fcksek Lisans programlar\u0131nda ders vermekte,\u00a0 \u00dcniversitenin SEM\u2019inde Stratejik Y\u00f6netim, \u0130nsan Kaynaklar\u0131 Y\u00f6netimi, \u00d6\u011frenci Ko\u00e7lu\u011fu\u00a0 ve Ko\u00e7luk Yolculu\u011fu alanlar\u0131nda E\u011fitimler vermekte ve bire bir Y\u00f6netsel Ko\u00e7luk \u00e7al\u0131\u015fmalar\u0131n\u0131 y\u00fcr\u00fctmektedir.[\/vc_column_text][\/vc_column][\/vc_row]<\/p>\n","protected":false},"excerpt":{"rendered":"<p>[vc_row][vc_column css=&#8221;.vc_custom_1648457839129{padding-top: 70px !important;padding-right: 70px !important;padding-bottom: 70px !important;padding-left: 70px !important;}&#8221;][vc_column_text]Seniha Ko\u00e7yi\u011fit, ACC Seniha Ko\u00e7yi\u011fit \u00fcst d\u00fczey insan kaynaklar\u0131 y\u00f6neticili\u011fi ve stratejik y\u00f6netim konusundaki deneyimlerini birle\u015ftirerek bireylerin ve kurumlar\u0131n geli\u015fim s\u00fcrecine e\u015flik eder. \u0130nsan Kaynaklar\u0131 dan\u0131\u015fmanl\u0131\u011f\u0131yla beraber, Ko\u00e7luk \u00e7al\u0131\u015fmalar\u0131nda ileti\u015fim, performans ve stratejik y\u00f6netim konular\u0131na odaklan\u0131r. 1978 Ankara do\u011fumlu olan Ko\u00e7yi\u011fit,\u00a0 2000 y\u0131l\u0131nda ODT\u00dc Psikoloji B\u00f6l\u00fcm\u00fc [&hellip;]<\/p>\n","protected":false},"author":1,"featured_media":0,"parent":0,"menu_order":0,"comment_status":"closed","ping_status":"closed","template":"","meta":[],"_links":{"self":[{"href":"http:\/\/www.rebustr.com\/index.php?rest_route=\/wp\/v2\/pages\/2396"}],"collection":[{"href":"http:\/\/www.rebustr.com\/index.php?rest_route=\/wp\/v2\/pages"}],"about":[{"href":"http:\/\/www.rebustr.com\/index.php?rest_route=\/wp\/v2\/types\/page"}],"author":[{"embeddable":true,"href":"http:\/\/www.rebustr.com\/index.php?rest_route=\/wp\/v2\/users\/1"}],"replies":[{"embeddable":true,"href":"http:\/\/www.rebustr.com\/index.php?rest_route=%2Fwp%2Fv2%2Fcomments&post=2396"}],"version-history":[{"count":3,"href":"http:\/\/www.rebustr.com\/index.php?rest_route=\/wp\/v2\/pages\/2396\/revisions"}],"predecessor-version":[{"id":2470,"href":"http:\/\/www.rebustr.com\/index.php?rest_route=\/wp\/v2\/pages\/2396\/revisions\/2470"}],"wp:attachment":[{"href":"http:\/\/www.rebustr.com\/index.php?rest_route=%2Fwp%2Fv2%2Fmedia&parent=2396"}],"curies":[{"name":"wp","href":"https:\/\/api.w.org\/{rel}","templated":true}]}}