{"id":2249,"date":"2022-02-24T09:17:06","date_gmt":"2022-02-24T09:17:06","guid":{"rendered":"http:\/\/www.rebustr.com\/?page_id=2249"},"modified":"2022-06-03T18:58:32","modified_gmt":"2022-06-03T18:58:32","slug":"2249-2","status":"publish","type":"page","link":"https:\/\/www.rebustr.com\/?page_id=2249","title":{"rendered":"Strateji Y\u00f6netimi Dan\u0131\u015fmanl\u0131k Hizmeti"},"content":{"rendered":"<p>[vc_row][vc_column][vc_custom_heading text=&#8221;Strateji Y\u00f6netimi Dan\u0131\u015fmanl\u0131k Hizmeti&#8221; font_container=&#8221;tag:h2|text_align:left|color:%2385276b&#8221; use_theme_fonts=&#8221;yes&#8221; css=&#8221;.vc_custom_1654282710203{margin-top: 40px !important;}&#8221;][\/vc_column][\/vc_row][vc_row][vc_column][vc_column_text]<\/p>\n<p style=\"font-weight: 400;\">Rebus olarak temel prensibimiz \u015firketin mevcut yap\u0131s\u0131n\u0131 do\u011fru anlay\u0131p, b\u00fcy\u00fcme yolculu\u011fundaki stratejisini do\u011fru oda\u011fa koyduktan sonra o \u015firketin ihtiyac\u0131 olan organizasyonel yap\u0131lanmay\u0131 do\u011fru kurgulamakt\u0131r. Burada \u015firketin dinamiklerine ba\u011fl\u0131 olarak gerekti\u011finde Balanced Scored Card, gerekti\u011finde daha detayl\u0131 OKR sistemleri kurmak, gerekti\u011finde Sonu\u00e7 Odakl\u0131 Organizasyon yap\u0131s\u0131na ge\u00e7i\u015f yada \u00c7evik Organizasyon Yap\u0131s\u0131na Ge\u00e7i\u015f gibi \u015firket stratejisi ile \u015firketin \u0130K yap\u0131lanmas\u0131n\u0131 birle\u015ftirdi\u011fimiz hizmetlerimizi sunuyoruz.<\/p>\n<p>[\/vc_column_text][\/vc_column][\/vc_row]<\/p>\n","protected":false},"excerpt":{"rendered":"<p>[vc_row][vc_column][vc_custom_heading text=&#8221;Strateji Y\u00f6netimi Dan\u0131\u015fmanl\u0131k Hizmeti&#8221; font_container=&#8221;tag:h2|text_align:left|color:%2385276b&#8221; use_theme_fonts=&#8221;yes&#8221; css=&#8221;.vc_custom_1654282710203{margin-top: 40px !important;}&#8221;][\/vc_column][\/vc_row][vc_row][vc_column][vc_column_text] Rebus olarak temel prensibimiz \u015firketin mevcut yap\u0131s\u0131n\u0131 do\u011fru anlay\u0131p, b\u00fcy\u00fcme yolculu\u011fundaki stratejisini do\u011fru oda\u011fa koyduktan sonra o \u015firketin ihtiyac\u0131 olan organizasyonel yap\u0131lanmay\u0131 do\u011fru kurgulamakt\u0131r. Burada \u015firketin dinamiklerine ba\u011fl\u0131 olarak gerekti\u011finde Balanced Scored Card, gerekti\u011finde daha detayl\u0131 OKR sistemleri kurmak, gerekti\u011finde Sonu\u00e7 Odakl\u0131 Organizasyon yap\u0131s\u0131na ge\u00e7i\u015f [&hellip;]<\/p>\n","protected":false},"author":1,"featured_media":0,"parent":0,"menu_order":0,"comment_status":"closed","ping_status":"closed","template":"","meta":[],"_links":{"self":[{"href":"https:\/\/www.rebustr.com\/index.php?rest_route=\/wp\/v2\/pages\/2249"}],"collection":[{"href":"https:\/\/www.rebustr.com\/index.php?rest_route=\/wp\/v2\/pages"}],"about":[{"href":"https:\/\/www.rebustr.com\/index.php?rest_route=\/wp\/v2\/types\/page"}],"author":[{"embeddable":true,"href":"https:\/\/www.rebustr.com\/index.php?rest_route=\/wp\/v2\/users\/1"}],"replies":[{"embeddable":true,"href":"https:\/\/www.rebustr.com\/index.php?rest_route=%2Fwp%2Fv2%2Fcomments&post=2249"}],"version-history":[{"count":5,"href":"https:\/\/www.rebustr.com\/index.php?rest_route=\/wp\/v2\/pages\/2249\/revisions"}],"predecessor-version":[{"id":2465,"href":"https:\/\/www.rebustr.com\/index.php?rest_route=\/wp\/v2\/pages\/2249\/revisions\/2465"}],"wp:attachment":[{"href":"https:\/\/www.rebustr.com\/index.php?rest_route=%2Fwp%2Fv2%2Fmedia&parent=2249"}],"curies":[{"name":"wp","href":"https:\/\/api.w.org\/{rel}","templated":true}]}}